{"id":24,"date":"2016-01-19T17:09:59","date_gmt":"2016-01-19T16:09:59","guid":{"rendered":"http:\/\/www.alfons-kloter.ch\/?page_id=24"},"modified":"2017-10-04T13:23:04","modified_gmt":"2017-10-04T11:23:04","slug":"links","status":"publish","type":"page","link":"https:\/\/www.alfons-kloter.ch\/index.php\/links\/","title":{"rendered":"Links"},"content":{"rendered":"<p>Wir sind Systempartner von Ista-Swiss, Hersteller von W\u00e4rme- und Wasserz\u00e4hler.<br \/>\n<strong><a href=\"http:\/\/ista-swiss.ch\" target=\"_blank\" rel=\"noopener\">Ista Swiss<\/a><br \/>\n<\/strong><\/p>\n<p>Wir erstellen die Heizkostenabrechnungen gem\u00e4ss dem Schweizerischen Verband der W\u00e4rme- und Wasserkostenabrechnung SVW<br \/>\nKonferenz der kantonalen Energiefachstellen EnFK<br \/>\nSchweizerischer Mieterverband SMV<br \/>\nHauseigent\u00fcmerverband HEV<br \/>\nSIA Schweizerischer Ingenieur- und Architektenverein<br \/>\n<strong><a href=\"http:\/\/www.energieschweiz.ch\" target=\"_blank\" rel=\"noopener\">Energie-Schweiz<br \/>\n<\/a><\/strong><br \/>\nAargauer Haustechnik Verband<br \/>\n<a href=\"http:\/\/www.suissetec.ch\/\" target=\"_blank\" rel=\"noopener\"><strong>Schweizerischer Geb\u00e4udetechniker Verband ( Suissetec )<\/strong><\/a><\/p>\n<p>&nbsp;<\/p>\n<p>&nbsp;<\/p>\n<h6><\/h6>\n<h6><\/h6>\n","protected":false},"excerpt":{"rendered":"<p>Wir sind Systempartner von Ista-Swiss, Hersteller von W\u00e4rme- und Wasserz\u00e4hler. Ista Swiss Wir erstellen die Heizkostenabrechnungen gem\u00e4ss dem Schweizerischen Verband der W\u00e4rme- und Wasserkostenabrechnung SVW [&#8230;]<\/p>\n","protected":false},"author":1,"featured_media":0,"parent":0,"menu_order":0,"comment_status":"closed","ping_status":"closed","template":"template-fullwidth.php","meta":[],"_links":{"self":[{"href":"https:\/\/www.alfons-kloter.ch\/index.php\/wp-json\/wp\/v2\/pages\/24"}],"collection":[{"href":"https:\/\/www.alfons-kloter.ch\/index.php\/wp-json\/wp\/v2\/pages"}],"about":[{"href":"https:\/\/www.alfons-kloter.ch\/index.php\/wp-json\/wp\/v2\/types\/page"}],"author":[{"embeddable":true,"href":"https:\/\/www.alfons-kloter.ch\/index.php\/wp-json\/wp\/v2\/users\/1"}],"replies":[{"embeddable":true,"href":"https:\/\/www.alfons-kloter.ch\/index.php\/wp-json\/wp\/v2\/comments?post=24"}],"version-history":[{"count":9,"href":"https:\/\/www.alfons-kloter.ch\/index.php\/wp-json\/wp\/v2\/pages\/24\/revisions"}],"predecessor-version":[{"id":291,"href":"https:\/\/www.alfons-kloter.ch\/index.php\/wp-json\/wp\/v2\/pages\/24\/revisions\/291"}],"wp:attachment":[{"href":"https:\/\/www.alfons-kloter.ch\/index.php\/wp-json\/wp\/v2\/media?parent=24"}],"curies":[{"name":"wp","href":"https:\/\/api.w.org\/{rel}","templated":true}]}}