{"id":27,"date":"2016-01-19T17:10:38","date_gmt":"2016-01-19T16:10:38","guid":{"rendered":"http:\/\/www.alfons-kloter.ch\/?page_id=27"},"modified":"2023-02-09T16:58:52","modified_gmt":"2023-02-09T15:58:52","slug":"ueber-uns","status":"publish","type":"page","link":"https:\/\/www.alfons-kloter.ch\/index.php\/ueber-uns\/","title":{"rendered":"\u00dcber uns"},"content":{"rendered":"\n<div class=\"is-layout-flex wp-container-5 wp-block-columns\">\n<div class=\"is-layout-flow wp-block-column\" style=\"flex-basis:100%\">\n<div class=\"wp-block-media-text alignwide has-media-on-the-right is-stacked-on-mobile is-vertically-aligned-center\"><div class=\"wp-block-media-text__content\">\n<h3 id=\"alfons-kloter-inhaber\">Alfons Kloter &#8211; Inhaber<\/h3>\n\n\n\n<blockquote class=\"wp-block-quote\">\n<p>&#8222;Der Firmengr\u00fcnder ist verantwortlich f\u00fcr die Haustechnik-Planung, erstellt Heiz- und Wasserkostenabrechnungen und ist f\u00fcr das Rechnungs- und Offertwesen zust\u00e4ndig. Er ist Mitglied im Gewerbeverein Surbtal, im Aargauischen Haustechnikverband sowie dem schweizerischen Haustechnikverband. Zu seinen Freizeitaktivit\u00e4ten geh\u00f6ren skifahren, Tennis und wandern.&#8220;<\/p>\n<\/blockquote>\n\n\n\n<div class=\"is-layout-flex wp-container-3 wp-block-columns\">\n<div class=\"is-layout-flow wp-block-column\"><\/div>\n\n\n\n<div class=\"is-layout-flow wp-block-column\"><\/div>\n<\/div>\n<\/div><figure class=\"wp-block-media-text__media\"><img decoding=\"async\" loading=\"lazy\" width=\"768\" height=\"1024\" src=\"http:\/\/www.alfons-kloter.ch\/wp-content\/uploads\/2022\/02\/IMG_FD55201FD34A-1-768x1024.jpeg\" alt=\"Der Firmengr\u00fcnder ist verantwortlich f\u00fcr die Haustechnik-Planung, erstellt Heiz- und Wasserkostenabrechnungen und ist f\u00fcr das Rechnungs- und Offertwesen zust\u00e4ndig. Er ist Mitglied im Gewerbeverein Surbtal, im Aargauischen Haustechnikverband sowie dem schweizerischen Haustechnikverband. Zu seinen Freizeitaktivit\u00e4ten geh\u00f6ren skifahren, Tennis und wandern\" class=\"wp-image-490 size-full\" srcset=\"https:\/\/www.alfons-kloter.ch\/wp-content\/uploads\/2022\/02\/IMG_FD55201FD34A-1-768x1024.jpeg 768w, https:\/\/www.alfons-kloter.ch\/wp-content\/uploads\/2022\/02\/IMG_FD55201FD34A-1-225x300.jpeg 225w, https:\/\/www.alfons-kloter.ch\/wp-content\/uploads\/2022\/02\/IMG_FD55201FD34A-1.jpeg 960w\" sizes=\"(max-width: 768px) 100vw, 768px\" \/><\/figure><\/div>\n<\/div>\n<\/div>\n\n\n\n<div class=\"is-layout-flex wp-container-11 wp-block-columns alignwide\">\n<div class=\"is-layout-flow wp-block-column\" style=\"flex-basis:50%\">\n<figure class=\"wp-block-image\"><img decoding=\"async\" loading=\"lazy\" width=\"768\" height=\"1024\" src=\"http:\/\/www.alfons-kloter.ch\/wp-content\/uploads\/2022\/02\/IMG_E2273A12113A-1-768x1024.jpeg\" alt=\"\" class=\"wp-image-510\" srcset=\"https:\/\/www.alfons-kloter.ch\/wp-content\/uploads\/2022\/02\/IMG_E2273A12113A-1-768x1024.jpeg 768w, https:\/\/www.alfons-kloter.ch\/wp-content\/uploads\/2022\/02\/IMG_E2273A12113A-1-225x300.jpeg 225w, https:\/\/www.alfons-kloter.ch\/wp-content\/uploads\/2022\/02\/IMG_E2273A12113A-1.jpeg 960w\" sizes=\"(max-width: 768px) 100vw, 768px\" \/><\/figure>\n<\/div>\n\n\n\n<div class=\"is-layout-flow wp-block-column is-vertically-aligned-center\" style=\"flex-basis:50%\">\n<p><\/p>\n\n\n\n<h3 id=\"silvio-kloter\">Silvio Kloter &#8211; Einbau und Austausch Z\u00e4hler<\/h3>\n\n\n\n<blockquote class=\"wp-block-quote\">\n<p>&#8222;Der ausgebildete Dachdecker und Maurer ist seit 2016 im Unternehmen t\u00e4tig. Er ist f\u00fcr den Einbau und Austausch von Z\u00e4hlern verantwortlich. Im Februar 2020 hat sich Silvio seinen Traum von der Selbst\u00e4ndigkeit erf\u00fcllt und die Silvio Kloter GmbH gegr\u00fcndet. Er freut sich \u00fcber Auftr\u00e4ge im Bereich Stromer-, Dachdecker-, Maurer- und Malerarbeiten.&#8220;<\/p>\n\n\n\n<p>Besuch seine Website:<\/p>\n\n\n\n<p><a rel=\"noreferrer noopener\" href=\"https:\/\/silviokloter.ch\/\" target=\"_blank\">https:\/\/silviokloter.ch\/ <\/a><\/p>\n<\/blockquote>\n\n\n\n<div class=\"is-layout-flex wp-container-9 wp-block-columns\">\n<div class=\"is-layout-flow wp-block-column\"><\/div>\n\n\n\n<div class=\"is-layout-flow wp-block-column\"><\/div>\n<\/div>\n<\/div>\n<\/div>\n\n\n\n<p><\/p>\n\n\n\n<div class=\"is-layout-flex wp-container-17 wp-block-columns alignwide\">\n<div class=\"is-layout-flow wp-block-column is-vertically-aligned-center\" style=\"flex-basis:50%\">\n<div class=\"is-layout-flex wp-container-14 wp-block-columns\">\n<div class=\"is-layout-flow wp-block-column\"><\/div>\n\n\n\n<div class=\"is-layout-flow wp-block-column\"><\/div>\n<\/div>\n\n\n\n<p><\/p>\n<\/div>\n\n\n\n<div class=\"is-layout-flow wp-block-column\" style=\"flex-basis:50%\"><\/div>\n<\/div>\n","protected":false},"excerpt":{"rendered":"<p>Alfons Kloter &#8211; Inhaber &#8222;Der Firmengr\u00fcnder ist verantwortlich f\u00fcr die Haustechnik-Planung, erstellt Heiz- und Wasserkostenabrechnungen und ist f\u00fcr das Rechnungs- und Offertwesen zust\u00e4ndig. Er ist [&#8230;]<\/p>\n","protected":false},"author":1,"featured_media":0,"parent":0,"menu_order":1,"comment_status":"closed","ping_status":"closed","template":"template-fullwidth.php","meta":[],"_links":{"self":[{"href":"https:\/\/www.alfons-kloter.ch\/index.php\/wp-json\/wp\/v2\/pages\/27"}],"collection":[{"href":"https:\/\/www.alfons-kloter.ch\/index.php\/wp-json\/wp\/v2\/pages"}],"about":[{"href":"https:\/\/www.alfons-kloter.ch\/index.php\/wp-json\/wp\/v2\/types\/page"}],"author":[{"embeddable":true,"href":"https:\/\/www.alfons-kloter.ch\/index.php\/wp-json\/wp\/v2\/users\/1"}],"replies":[{"embeddable":true,"href":"https:\/\/www.alfons-kloter.ch\/index.php\/wp-json\/wp\/v2\/comments?post=27"}],"version-history":[{"count":50,"href":"https:\/\/www.alfons-kloter.ch\/index.php\/wp-json\/wp\/v2\/pages\/27\/revisions"}],"predecessor-version":[{"id":550,"href":"https:\/\/www.alfons-kloter.ch\/index.php\/wp-json\/wp\/v2\/pages\/27\/revisions\/550"}],"wp:attachment":[{"href":"https:\/\/www.alfons-kloter.ch\/index.php\/wp-json\/wp\/v2\/media?parent=27"}],"curies":[{"name":"wp","href":"https:\/\/api.w.org\/{rel}","templated":true}]}}