{"id":9,"date":"2016-01-19T17:01:45","date_gmt":"2016-01-19T16:01:45","guid":{"rendered":"http:\/\/www.alfons-kloter.ch\/?page_id=9"},"modified":"2017-10-16T14:58:13","modified_gmt":"2017-10-16T12:58:13","slug":"heizwasserkosten-abrechnung","status":"publish","type":"page","link":"https:\/\/www.alfons-kloter.ch\/index.php\/heizwasserkosten-abrechnung\/","title":{"rendered":"Heiz-\/Wasserkosten"},"content":{"rendered":"<div class=\"page\" title=\"Page 2\">\n<div class=\"layoutArea\">\n<div class=\"column\">\n<p><strong>Wir erstellen f\u00fcr Sie Heiz-, Wasser- und Nebenkostenabrechnungen.<\/strong><\/p>\n<p><strong>Heizkostenabrechnung:<br \/>\n<\/strong>Die Datenauslesung im Objekt erfolgt manuell (M-Bus) oder per Funk. Wir lesen die Daten ein und erstellen die Abrechnung je nach Anforderung der Verwaltung oder Hauseigent\u00fcmer in Kosten oder Promille. Die Abrechnung erfolgt gem\u00e4ss Bundesmodell.<br \/>\n<a href=\"http:\/\/www.alfons-kloter.ch\/wp-content\/uploads\/2017\/10\/pdf-hK-1.pdf\" target=\"_blank\" rel=\"noopener\">Musterabrechnung<\/a><\/p>\n<p><strong>W\u00e4rme- und Wassermessungen:<\/strong><br \/>\nWir nehmen f\u00fcr Sie W\u00e4rme- und Wassermessungs-Ger\u00e4te gem\u00e4ss Vorschriften VHKA (Verbrauchsabh\u00e4ngige Heizkostenabrechnung) in Betrieb.<br \/>\n<a href=\"http:\/\/www.alfons-kloter.ch\/wp-content\/uploads\/2017\/10\/805.156_EnergieSchweiz-VEWA-DE-A4.pdf\" target=\"_blank\" rel=\"noopener\">VEWA Energie Schweiz <\/a><\/p>\n<p><a href=\"http:\/\/www.alfons-kloter.ch\/wp-content\/uploads\/2016\/01\/Liegenschaften-Referenzen-Tabelle1.pdf\" target=\"_blank\" rel=\"noopener\">Liegenschaften Referenzliste<\/a><\/p>\n<\/div>\n<\/div>\n<\/div>\n","protected":false},"excerpt":{"rendered":"<p>Wir erstellen f\u00fcr Sie Heiz-, Wasser- und Nebenkostenabrechnungen. Heizkostenabrechnung: Die Datenauslesung im Objekt erfolgt manuell (M-Bus) oder per Funk. Wir lesen die Daten ein und [&#8230;]<\/p>\n","protected":false},"author":1,"featured_media":0,"parent":0,"menu_order":0,"comment_status":"closed","ping_status":"closed","template":"template-fullwidth.php","meta":[],"_links":{"self":[{"href":"https:\/\/www.alfons-kloter.ch\/index.php\/wp-json\/wp\/v2\/pages\/9"}],"collection":[{"href":"https:\/\/www.alfons-kloter.ch\/index.php\/wp-json\/wp\/v2\/pages"}],"about":[{"href":"https:\/\/www.alfons-kloter.ch\/index.php\/wp-json\/wp\/v2\/types\/page"}],"author":[{"embeddable":true,"href":"https:\/\/www.alfons-kloter.ch\/index.php\/wp-json\/wp\/v2\/users\/1"}],"replies":[{"embeddable":true,"href":"https:\/\/www.alfons-kloter.ch\/index.php\/wp-json\/wp\/v2\/comments?post=9"}],"version-history":[{"count":15,"href":"https:\/\/www.alfons-kloter.ch\/index.php\/wp-json\/wp\/v2\/pages\/9\/revisions"}],"predecessor-version":[{"id":365,"href":"https:\/\/www.alfons-kloter.ch\/index.php\/wp-json\/wp\/v2\/pages\/9\/revisions\/365"}],"wp:attachment":[{"href":"https:\/\/www.alfons-kloter.ch\/index.php\/wp-json\/wp\/v2\/media?parent=9"}],"curies":[{"name":"wp","href":"https:\/\/api.w.org\/{rel}","templated":true}]}}